units digit of s?
8
Suppose 4*d + 24 = -q, 0 = -3*q - q. Let m be (48/18)/((-4)/d). Let a = m - -4. What is the units digit of a?
8
Let c(u) = -2*u - 4. Let j be c(-3). Suppose -2*b - 3*m - j = 0, -4*b + 5*m + 10 = -6*b. Let v(g) = g + 5. What is the units digit of v(b)?
0
Let f be (-4)/10 + 27/5. Suppose -48 = -f*v - 3. What is the units digit of v?
9
Let w = -12 + 7. Let z be 0 + 1 + 0 + -11. What is the units digit of (-1)/w - 18/z?
2
Suppose 12*n - 337 - 119 = 0. What is the tens digit of n?
3
Suppose 0 = -5*r + 2*y + 2*y + 43, 2*r - 16 = y. Suppose 0 = -2*k + 1 + r. Suppose 3 = -b - 3*c, -k*c - 13 = -b + c. What is the units digit of b?
3
Let p = -307 + 616. What is the units digit of p?
9
Let a = 21 - 13. Suppose -y - a + 31 = 0. What is the units digit of y?
3
Let v(j) = 6*j**2 + 13*j + 18. What is the hundreds digit of v(-5)?
1
Let p = 79 + -25. What is the units digit of p?
4
Let q be (8 - -1) + 0/3. Let b be (-2)/9 + 11/q. What is the units digit of -1 - (-1 + b - 6)?
5
Let v(f) = 144*f**2 - f + 1. What is the units digit of v(1)?
4
Let k = 9 - 1. Let i(n) = 2*n**2 - 12*n + 1. What is the tens digit of i(k)?
3
Let o(z) = z**2 - 2*z + 3. Let p = -3 + 9. What is the tens digit of o(p)?
2
Let f = -95 + 67. Let l = f + 49. What is the units digit of l?
1
Let n(y) = 2 + 34*y**2 + 20*y**2 - 3. What is the units digit of n(-1)?
3
Let v(s) = s**3 - 10*s**2 - 6*s - 10. What is the tens digit of v(11)?
4
Let q(o) = o + 19. What is the units digit of q(-11)?
8
Let n(t) = 2*t**3 - 14*t**2 - 25*t - 5. Let b(h) = h**3 - 7*h**2 - 13*h - 3. Let x(l) = -11*b(l) + 6*n(l). What is the units digit of x(8)?
1
Let k be (8/(-3))/(2/(-3)). Suppose -2*l + 24 = -k. What is the units digit of l?
4
What is the tens digit of (11 - 14)*(-20)/6?
1
What is the units digit of 2/(-10) + 205/25?
8
Let w(t) = 7*t + 2. Let n(x) = 14*x - 3. Let z(o) = 13*o - 2. Let m(r) = -5*n(r) + 6*z(r). Let a(g) = 6*m(g) - 7*w(g). What is the units digit of a(-4)?
8
Suppose 2*g + g = 15. Let d(t) = 6*t - 9. Let b(m) = 3*m - 4. Let x(n) = g*b(n) - 2*d(n). What is the units digit of x(2)?
4
Suppose -142 = -5*l + 178. Let b = -39 + l. What is the units digit of b?
5
Let l = -7 + 9. Let f(w) = -4*w + 4*w - 2 - l*w. What is the units digit of f(-8)?
4
Let k(s) = 15*s - s - s**2 + 0*s - 16. What is the units digit of k(12)?
8
Let j(g) = -g**3 - 2*g**2 - 4*g - 1. What is the tens digit of j(-4)?
4
Let g(k) = 3*k**2 - 2. What is the units digit of g(4)?
6
Let l = 48 + -25. Let t = -11 + l. What is the tens digit of t?
1
Let x(d) = 24*d - 5. What is the units digit of x(4)?
1
Suppose 4*x + 12 = 2*x. What is the tens digit of -4 - x - (-22 + 3)?
2
Let w = 15 + -12. Suppose -3*j + 3 = -p + w*p, j + p = 0. What is the units digit of j?
3
Let m = 33 - 48. Let x = m + 27. What is the units digit of x?
2
Let i be (1 - 5)/(5/15). What is the units digit of (i/(-18))/((-1)/(-3))?
2
Suppose 0 = 3*c + 27 - 144. What is the units digit of c?
9
What is the tens digit of ((-16)/3)/(2/(-12))?
3
Let u(h) = -h**3 - 6*h**2 - 7*h - 3. Let o be u(-5). Let j(i) = -i**3 + 8*i**2 - 6*i. What is the units digit of j(o)?
7
Suppose -7*c + 291 = -94. What is the units digit of c?
5
Suppose -5*v + 152 - 17 = 0. Suppose -5*h - k + 127 = 0, k = -2*h + v + 25. What is the units digit of h?
5
Suppose 0 = -4*c + c - 3*a + 408, 5*a = -3*c + 406. What is the units digit of c?
7
Let a = 20 + -24. Let c(y) = -2*y - 7. What is the units digit of c(a)?
1
Suppose 34 = c - 9. What is the tens digit of c?
4
Let b be 25/(-3) + 3/9. Let n = 13 + b. Suppose 1 = n*t - 9. What is the units digit of t?
2
What is the units digit of 58/7 + 10/(-35)?
8
Let c(g) = g**2 + g + 34. What is the tens digit of c(6)?
7
Suppose -3*k = -2*k. Let d(c) = 3*c + 1. Let p be d(-2). Let x = k - p. What is the units digit of x?
5
Suppose 5*p = -3*j + 180, 2*j = p + 10 - 59. What is the tens digit of p?
3
Let m = 330 + -207. What is the units digit of m?
3
Let v(u) = -30*u - 4. Let r be v(2). Let w = r - -104. What is the units digit of w?
0
Let u(p) = p**2 + p. Suppose 4*s + 2 = -7*f + 5*f, -3*s = 3. Let o be u(f). What is the units digit of 2/o*(0 + 3)?
3
Let q be (1/3)/(8/24). Suppose -l - q = -4. Let o = 6 - l. What is the units digit of o?
3
Let j(f) = -f**2 - 23*f - 9. Let s be j(-11). Suppose 132 + s = 5*i - 3*a, -4*i + 4*a + 212 = 0. What is the tens digit of i?
4
Suppose 0*z - 21 = -3*z + 4*k, 9 = 2*z - k. What is the units digit of z?
3
Suppose 3*b - b = 20. What is the units digit of b?
0
Let m = 1 + -3. Let n(w) be the third derivative of -w**6/120 - w**5/20 - w**4/6 - w**3/3 + 2*w**2. What is the units digit of n(m)?
2
Suppose 5*u - 806 = 2*t, 236 + 567 = 5*u - t. What is the hundreds digit of u?
1
Suppose 0 = 4*a - 5 - 7. Suppose 48 = 4*u - 4*j, 3*j + 18 = 4*u - a*u. What is the units digit of u?
9
Suppose -s - 2570 = -5*i, -i + 523 = -0*i - 2*s. Suppose 7*p - i + 135 = 0. What is the units digit of p?
4
Let w(l) be the second derivative of -3*l**5/10 + l**3/6 + 3*l**2/2 + 3*l. What is the units digit of w(-2)?
9
Let b = -38 - -57. What is the units digit of b?
9
Let j be (-7 - -4) + (1 - -8). Suppose 5 + j = v. What is the tens digit of v?
1
Let d = 31 + -15. What is the units digit of d?
6
Let o(g) be the third derivative of -g**6/120 + g**5/60 + g**4/24 + g**3/3 - g**2. Let l be o(0). What is the units digit of -2*(-21)/12*l?
7
What is the units digit of (-51)/(-5) + (-6)/30?
0
Let v be (-25)/(-2) + (-2)/4. What is the units digit of (v/(-30))/((-1)/40)?
6
Suppose -w = -4*w + 96. What is the units digit of w?
2
Suppose 27 = -4*p + 3. Let j be 1/2*0/p. Suppose -1 = v - 3*o - j, 0 = -v + o + 7. What is the units digit of v?
1
Let f(s) = 12*s + 1. Let v be f(1). Let k be v/(-3) + 8/24. Let g(u) = u**2 + 2*u - 2. What is the units digit of g(k)?
6
Let l(m) = -m**3 + 2*m**2 + m. Let v be l(2). Suppose 3*w = 2*c - 15, -3*c = v*w + w - 30. What is the units digit of c?
9
Let i(l) = l**3 - 9*l**2 - 5 + l**3 + l - l**3. Let z be i(9). Suppose -2*f + z = -f. What is the units digit of f?
4
Suppose -4*k + 9 = -19. Suppose 2*y + 5*p = -2 + k, y = -4*p + 4. Suppose -3*o = 2*t - 1, -3*o + 2*t + 5 = -y*o. What is the units digit of o?
1
Suppose 4*h - 3*h = -2*a + 12, 60 = 5*h + 2*a. Let l be (h/(-16))/(1/4). Let b = l + 5. What is the units digit of b?
2
What is the tens digit of (40/(-60))/((-4)/1626)?
7
Suppose -23*z = -30*z + 161. What is the tens digit of z?
2
Suppose 2*z + 5*m - 98 - 154 = 0, 2*m = 2*z - 238. What is the units digit of z?
1
Suppose -3*n - 2*n = -10. What is the units digit of n?
2
Let g be 144/10 + (-6)/(-10). What is the tens digit of (6 - -1)/(5/g)?
2
Let n(j) = -j**2 - 23*j - 74. What is the units digit of n(-19)?
2
Let h = -5 - -30. What is the tens digit of h?
2
Let a(v) = 4*v + 2. Let k be a(2). Suppose -k = -h - 0. What is the units digit of h?
0
What is the units digit of (3 - 11)*1*-3?
4
Let k = -164 - -236. What is the units digit of k?
2
Let i(t) = -3*t**2 - 4*t - 2. Let r be i(-2). Let n(h) = -5*h - 15. What is the units digit of n(r)?
5
Suppose -15 = 5*d - 10*d. Suppose 0 = g - 5*g. Let p = d - g. What is the units digit of p?
3
Let z be 1*6/9*6. Suppose -m = l - 1 - 2, -z*m - 2*l = -16. What is the units digit of m?
5
Let k(w) = -37*w**3 + 2*w**2 + 4*w + 2. What is the hundreds digit of k(-2)?
2
Suppose -3*d - 2*m - 54 + 483 = 0, 4*d = 5*m + 595. What is the hundreds digit of d?
1
Let x be 3*(-2 - 28/(-6)). Let n(h) = h**3 - 9*h**2 + 8*h + 2. What is the units digit of n(x)?
2
Let x = -4 + -2. Let i = x - -6. Suppose i*r + 4*r - 24 = 0. What is the units digit of r?
6
Suppose 33 - 133 = -5*n. What is the tens digit of n/(-5)*5/(-2)?
1
Let c = 401 - 268. What is the hundreds digit of c?
1
Let n = -100 + 148. What is the units digit of n?
8
Suppose 214 = 7*l - 59. What is the tens digit of l?
3
Let b = 128 + -84. What is the tens digit of b?
4
Let f(w) = -w**2 + 11*w - 7. Let i be (-6)/(-1 + -1) + 0. Let b be 4 - -2 - -1*i. What is the units digit of f(b)?
1
Suppose -4*f + 5*m = -270, -2*f + 96 = 4*m - 26. Suppose -3*o - 2*d + 53 = 0, o + f = 4*o - 4*d. What is the tens digit of o?
1
Suppose -5*g + 24 = 3*k, g = -2*k - 3*g + 18. Suppose 0 = -2*r - 4*h + 62, -3*r = -k*h + 17 - 119. Suppose 3 = -5*l + r. What is the units